
What is the hundreds digit of 1290029?
0
What is the millions digit of 2523092?
2
What is the millions digit of 1647712?
1
What is the hundreds digit of 307635?
6
What is the thousands digit of 1003086?
3
What is the units digit of 720864?
4
What is the thousands digit of 718764?
8
What is the ten thousands digit of 3266195?
6
What is the units digit of 20350?
0
What is the hundreds digit of 558470?
4
What is the hundred thousands digit of 282671?
2
What is the millions digit of 24622662?
4
What is the units digit of 3405264?
4
What is the units digit of 474879?
9
What is the tens digit of 2226383?
8
What is the thousands digit of 203469?
3
What is the units digit of 2178164?
4
What is the millions digit of 3830978?
3
What is the units digit of 1312023?
3
What is the tens digit of 10782003?
0
What is the tens digit of 116082?
8
What is the thousands digit of 5204045?
4
What is the tens digit of 523688?
8
What is the hundred thousands digit of 13642732?
6
What is the hundred thousands digit of 11126913?
1
What is the ten thousands digit of 220496?
2
What is the hundred thousands digit of 7547143?
5
What is the units digit of 4880972?
2
What is the units digit of 395941?
1
What is the thousands digit of 1685593?
5
What is the tens digit of 214767?
6
What is the hundred thousands digit of 6382643?
3
What is the thousands digit of 773532?
3
What is the ten thousands digit of 6632085?
3
What is the hundred thousands digit of 282596?
2
What is the tens digit of 1427139?
3
What is the tens digit of 73084?
8
What is the millions digit of 1564039?
1
What is the units digit of 388018?
8
What is the millions digit of 5343594?
5
What is the units digit of 137756?
6
What is the ten thousands digit of 204123?
0
What is the hundred thousands digit of 20286427?
2
What is the hundred thousands digit of 185043?
1
What is the hundreds digit of 4715438?
4
What is the hundreds digit of 803065?
0
What is the thousands digit of 14009547?
9
What is the hundred thousands digit of 3044471?
0
What is the thousands digit of 42834?
2
What is the millions digit of 18112289?
8
What is the ten thousands digit of 2118970?
1
What is the hundred thousands digit of 1030866?
0
What is the hundreds digit of 33286?
2
What is the hundred thousands digit of 249976?
2
What is the hundred thousands digit of 103413?
1
What is the hundreds digit of 50634?
6
What is the hundred thousands digit of 15629941?
6
What is the millions digit of 5196703?
5
What is the units digit of 1625131?
1
What is the millions digit of 2882734?
2
What is the units digit of 314476?
6
What is the hundreds digit of 5389448?
4
What is the tens digit of 129688?
8
What is the units digit of 2042068?
8
What is the ten thousands digit of 9737564?
3
What is the hundred thousands digit of 2868435?
8
What is the units digit of 874759?
9
What is the hundred thousands digit of 18455676?
4
What is the hundreds digit of 2520669?
6
What is the hundreds digit of 791471?
4
What is the tens digit of 3116043?
4
What is the hundreds digit of 15310330?
3
What is the thousands digit of 2351271?
1
What is the units digit of 6245946?
6
What is the ten thousands digit of 761387?
6
What is the hundreds digit of 3605231?
2
What is the ten thousands digit of 428360?
2
What is the tens digit of 1540562?
6
What is the ten thousands digit of 3123119?
2
What is the thousands digit of 841005?
1
What is the millions digit of 2774804?
2
What is the hundred thousands digit of 114903?
1
What is the ten thousands digit of 676684?
7
What is the hundreds digit of 690942?
9
What is the thousands digit of 284651?
4
What is the units digit of 199320?
0
What is the tens digit of 420388?
8
What is the hundreds digit of 688843?
8
What is the tens digit of 240341?
4
What is the hundreds digit of 22087840?
8
What is the units digit of 145564?
4
What is the ten thousands digit of 26849713?
4
What is the tens digit of 2917287?
8
What is the thousands digit of 605093?
5
What is the tens digit of 501484?
8
What is the millions digit of 2436738?
2
What is the ten thousands digit of 489126?
8
What is the tens digit of 93655?
5
What is the ten thousands digit of 226014?
2
What is the hundred thousands digit of 1472814?
4
What is the hundreds digit of 16380?
3
What is the thousands digit of 3691351?
1
What is the thousands digit of 954677?
4
What is the tens digit of 3698604?
0
What is the tens digit of 8377435?
3
What is the thousands digit of 1106136?
6
What is the tens digit of 1034987?
8
What is the ten millions digit of 11466653?
1
What is the millions digit of 11518224?
1
What is the tens digit of 6019?
1
What is the ten thousands digit of 190268?
9
What is the ten thousands digit of 1733430?
3
What is the thousands digit of 745389?
5
What is the millions digit of 3813703?
3
What is the units digit of 984956?
6
What is the hundreds digit of 485185?
1
What is the hundred thousands digit of 407209?
4
What is the hundreds digit of 71898?
8
What is the thousands digit of 26733756?
3
What is the units digit of 3257829?
9
What is the hundreds digit of 4690214?
2
What is the ten thousands digit of 1879083?
7
What is the ten thousands digit of 1021823?
2
What is the hundred thousands digit of 380009?
3
What is the thousands digit of 8892952?
2
What is the tens digit of 6645611?
1
What is the hundred thousands digit of 18038396?
0
What is the tens digit of 99481?
8
What is the hundred thousands digit of 1059993?
0
What is the ten thousands digit of 1088693?
8
What is the hundreds digit of 259388?
3
What is the thousands digit of 133393?
3
What is the units digit of 6660801?
1
What is the millions digit of 7744843?
7
What is the ten thousands digit of 1383847?
8
What is the hundred thousands digit of 520911?
5
What is the ten thousands digit of 741043?
4
What is the thousands digit of 7259365?
9
What is the tens digit of 94709?
0
What is the hundreds digit of 1201808?
8
What is the units digit of 3883918?
8
What is the ten thousands digit of 5378769?
7
What is the hundreds digit of 20065066?
0
What is the hundreds digit of 483?
4
What is the hundred thousands digit of 250663?
2
What is the ten millions digit of 10465035?
1
What is the ten millions digit of 18691625?
1
What is the millions digit of 1328677?
1
What is the ten thousands digit of 96410?
9
What is the units digit of 326404?
4
What is the ten thousands digit of 182056?
8
What is the thousands digit of 11421740?
1
What is the hundreds digit of 7414955?
9
What is the units digit of 4617817?
7
What is the thousands digit of 290669?
0
What is the millions digit of 8543668?
8
What is the hundreds digit of 2420187?
1
What is the millions digit of 9360362?
9
What is the hundreds digit of 5060570?
5
What is the ten thousands digit of 721361?
2
What is the thousands digit of 221442?
1
What is the ten thousands digit of 516017?
1
What is the thousands digit of 52663?
2
What is the hundred thousands digit of 612897?
6
What is the hundreds digit of 80437?
4
What is the units digit of 56044?
4
What is the ten thousands digit of 107900?
0
What is the thousands digit of 4204670?
4
What is the thousands digit of 4021597?
1
What is the hundred thousands digit of 2372323?
3
What is the units digit of 10803280?
0
What is the hundred thousands digit of 240607?
2
What is the ten thousands digit of 1180177?
8
What is the hundreds digit of 250965?
9
What is the hundreds digit of 213692?
6
What is the ten thousands digit of 1449884?
4
What is the thousands digit of 78564?
8
What is the millions digit of 1272363?
1
What is the hundred thousands digit of 570515?
5
What is the ten thousands digit of 5118917?
1
What is the ten thousands digit of 89109?
8
What is the millions digit of 9346475?
9
What is the units digit of 15428922?
2
What is the hundred thousands digit of 108599?
1
What is the tens digit of 11358549?
4
What is the thousands digit of 394431?
4
What is the tens digit of 6264875?
7
What is the hundreds digit of 5146590?
5
What is the units digit of 304167?
7
What is the units digit of 132765?
5
What is the hundreds digit of 10049773?
7
What is the thousands digit of 11776220?
6
What is the hundreds digit of 264003?
0
What is the ten thousands digit of 6216059?
1
What is the hundreds digit of 338691?
6
What is the tho